se 6, what is 21514 - 1444215?
-1422301
In base 6, what is 140055500 + -3?
140055453
In base 10, what is 5448187 + 15?
5448202
In base 12, what is -a - -37a12?
37a04
In base 2, what is -10111010 - -1110010101111100?
1110010011000010
In base 12, what is 8 - -203101?
203109
In base 2, what is 10010101011011111111001110 - 11?
10010101011011111111001011
In base 15, what is 1cd8931 + -8?
1cd8928
In base 7, what is 12 - 31036363?
-31036351
In base 8, what is 22 + -247155140?
-247155116
In base 8, what is 1267372555 - 3?
1267372552
In base 6, what is 14 - 422335403?
-422335345
In base 16, what is -1c4 - 7bc?
-980
In base 14, what is -92 - 1ab1d?
-1abb1
In base 15, what is 15b1b - -7d3?
163ee
In base 8, what is -2373 - -2474100?
2471505
In base 11, what is 14541991 + 4?
14541995
In base 11, what is 18 + -1a0719?
-1a0701
In base 14, what is -2b91 + 16d?
-2a22
In base 11, what is -8627 - -14?
-8613
In base 8, what is 13636 - 50?
13566
In base 10, what is 368051 - -92?
368143
In base 13, what is 8 - -6231c00?
6231c08
In base 3, what is 1012112 + 200022100?
201111212
In base 4, what is 3102213131 + -1?
3102213130
In base 6, what is 323 - 10100442?
-10100115
In base 15, what is 3 + 4a8e260?
4a8e263
In base 16, what is -eb293 - -5?
-eb28e
In base 8, what is -6173237 + -65?
-6173324
In base 3, what is 1121010 - -1020110?
2211120
In base 7, what is 1030 + -3056452?
-3055422
In base 12, what is 1b2a22 + -5?
1b2a19
In base 13, what is -121c36 - -4c?
-121bb7
In base 3, what is -211121202 + 2121?
-211112011
In base 14, what is -13 - -33bc58?
33bc45
In base 10, what is -926951 + -16?
-926967
In base 14, what is -29 + -2865421?
-286544a
In base 12, what is 26 + -5a1b17?
-5a1ab1
In base 10, what is -434074 + 24?
-434050
In base 3, what is -2 - -10112212112211?
10112212112202
In base 12, what is -b9 - 5ab1a?
-5b017
In base 7, what is -50453 - 5451?
-56234
In base 11, what is -21 + 125323?
125302
In base 15, what is 17118 - -58?
17171
In base 14, what is -10c577 + 2b?
-10c54a
In base 6, what is -3 - 103330453?
-103330500
In base 2, what is -11 - -11001010011111101010100?
11001010011111101010001
In base 4, what is -200110113323 - -333?
-200110112330
In base 7, what is -10401 - 120624?
-131325
In base 6, what is 4015532 - -1430?
4021402
In base 3, what is 1 - -20122122001011?
20122122001012
In base 5, what is 4 + 423403441?
423404000
In base 13, what is -6152507 + 0?
-6152507
In base 5, what is 4034 - 4333401?
-4324312
In base 11, what is 997442 + -4?
997439
In base 8, what is 4211406400 - 5?
4211406373
In base 16, what is 4 + -1e717f7?
-1e717f3
In base 6, what is -43344033 - -10?
-43344023
In base 15, what is -1 - -93242b?
93242a
In base 2, what is 111111101100110 + -11110011?
111111001110011
In base 5, what is -3 - 213141213220?
-213141213223
In base 9, what is -316 - -8877?
8561
In base 11, what is -8893a63 - 0?
-8893a63
In base 4, what is 11122101313310 - 3?
11122101313301
In base 2, what is 10 + -1001110010101000011010011110?
-1001110010101000011010011100
In base 14, what is -3 + -a110?
-a113
In base 9, what is 13 - -136006228?
136006242
In base 9, what is -4 + 287337?
287333
In base 13, what is a + -6533cc2?
-6533cb5
In base 6, what is 35522 + -1211215?
-1131253
In base 11, what is -3481 - 77082?
-7a553
In base 11, what is 2142613 - 8?
2142606
In base 16, what is 3802 - -3c4d?
744f
In base 16, what is 0 - 7e3742d?
-7e3742d
In base 9, what is 46744 - -561?
47415
In base 2, what is 1010110101001000110110001 - -1100?
1010110101001000110111101
In base 10, what is 0 - 2401387?
-2401387
In base 7, what is 435040533 - 5?
435040525
In base 4, what is 2222011 - 110003?
2112002
In base 7, what is -100161056 + -13?
-100161102
In base 4, what is -3 + -2100103131222?
-2100103131231
In base 16, what is -3 + 695831?
69582e
In base 6, what is -5322032 + 1125?
-5320503
In base 3, what is 11 - 112221101021?
-112221101010
In base 13, what is -1a5 - 1780?
-1955
In base 8, what is 37604450 + -3?
37604445
In base 12, what is 6a1 - -683a?
731b
In base 14, what is -1375 + c25d?
acc8
In base 16, what is 0 + 29f7e4?
29f7e4
In base 15, what is -1904a + c?
-1903d
In base 9, what is 26016 - -304?
26321
In base 9, what is -1 - -21122281?
21122280
In base 10, what is -1922530 + 70?
-1922460
In base 13, what is 24b75 - 17a?
249c8
In base 10, what is 1846 - -17063?
18909
In base 5, what is -3 - -1433330334?
1433330331
In base 4, what is 1230211220 + -33?
1230211121
In base 15, what is -10930a + -7?
-109312
In base 6, what is 30315514 + 334?
30320252
In base 15, what is -13 - ada1?
-adb4
In base 11, what is 83082240 - 1?
8308223a
In base 16, what is -5 + 5818c60?
5818c5b
In base 9, what is -141547 + -582?
-142240
In base 8, what is 50 - -14116001?
14116051
In base 9, what is 140773 + 240?
141123
In base 3, what is 1000210 - 1002120?
-1210
In base 4, what is 2 - 301120101233?
-301120101231
In base 9, what is 666085 + 10?
666105
In base 4, what is 1323 - -3132102?
3200031
In base 12, what is -3 - 208275?
-208278
In base 8, what is 10104327626 - -5?
10104327633
In base 16, what is 3a8f - 1b6?
38d9
In base 5, what is -1012140222232 + 4?
-1012140222223
In base 9, what is -152378 + 150?
-152228
In base 16, what is -a - 1b7a54?
-1b7a5e
In base 3, what is -121022201200022 - 10?
-121022201200102
In base 16, what is 58ac33c9 - 1?
58ac33c8
In base 4, what is 3111000102 + 1001?
3111001103
In base 11, what is -3 + -a909139?
-a909141
In base 4, what is -10101113300130 + -3?
-10101113300133
In base 8, what is 2020576 + 5?
2020603
In base 9, what is 115034 + 138?
115173
In base 9, what is -3408068 - -3?
-3408065
In base 7, what is 61 + -3060241?
-3060150
In base 4, what is 103 - -22232212121?
22232212230
In base 8, what is -671 - -137455?
136564
In base 5, what is -134 + 120243324?
120243140
In base 10, what is 113309867 + -4?
113309863
In base 6, what is 113 - -45032224?
45032341
In base 12, what is 43332b07 + -3?
43332b04
In base 15, what is 16431 - -58?
16489
In base 9, what is 8680306 - 1?
8680305
In base 12, what is -5289a30 - -6?
-5289a26
In base 13, what is 4c4 + -4681?
-418a
In base 15, what is 8a4e - 4b?
8a03
In base 8, what is 56 + 31163?
31241
In base 14, what is 0 - 56b922?
-56b922
In base 7, what is -501 + 2011042?
2010241
In base 11, what is 6 - -532099?
5320a4
In base 7, what is 10221566656 + -1?
10221566655
In base 6, what is 1043245 + 42015?
1125304
In base 16, what is 9557 + 2d5?
982c
In base 15, what is -1ce0a + -22?
-1ce2c
In base 13, what is -36b9 + -12?
-36cb
In base 8, what is 422252 + 155?
422427
In base 16, what is 0 + -3c846b?
-3c846b
In base 6, what is -4311 - -12134412?
12130101
In base 13, what is 1680a5b - 0?
1680a5b
In base 11, what is 7 - -32289?
32295
In base 9, what is -31331 + 1875?
-28345
In base 2, what is -1010100011000011001000010 - -100?
-1010100011000011000111110
In base 10, what is 928698 + -30?
928668
In base 14, what is a4c19 - -8?
a4c23
In base 7, what is -1100 - -30315?
26215
In base 13, what is -19ba5 + 12a2?
-18903
In base 14, what is -10b914 - -237?
-10b6bb
In base 3, what is 1222 + -11120002101222?
-11120002100000
In base 12, what is 26621b - -125?
266344
In base 11, what is -5 + -7534aa?
-753504
In base 12, what is 38b11 + 27?
38b38
In base 2, what is -1011101001110 - 110100100111?
-10010001110101
In base 4, what is -30 + 332303120?
332303030
In base 8, what is 10 + 3773264?
3773274
In base 12, what is 2280 + 1b92?
4252
In base 16, what is -7fbb67e - 5?
-7fbb683
In base 4, what is -1 - -2111033130?
2111033123
In base 4, what is 2210220000003 - -1?
2210220000010
In base 2, what is 110101001000001 + -100011000?
110100100101001
In base 9, what is -42487176 - 0?
-42487176
In base 4, what is 310 - 2110201213?
-2110200303
In base 8, what is -256 - -765627?
765351
In base 9, what is -2016 - -36348?
34332
In base 8, what is 60 - 217533706?
-217533626
In base 2, what is 1111000100 + -100100000110100101010?
-100100000100101100110
In base 14, what is -3b1c4 - 31?
-3b215
In base 14, what is 1 + cdd01?
cdd02
In base 15, what is 52847 + -538?
5230e
In base 5, what is 120302224122 - 1?
120302224121
In base 2, what is -1011000010111101000010011101 - -1001?
-1011000010111101000010010100
In base 10, what is -10349443 - -96?
-10349347
In base 8, what is 1050125370 - 2?
1050125